t of c(5)?
0
Suppose 2*d - 14 = -4*q, 2*d + 1 = 2*q - 3. Let x = 4118 - 4118. Suppose x = 4*v - 2*c - 482, v = -v - q*c + 221. What is the hundreds digit of v?
1
Let n = -101224 + 146226. What is the tens digit of n?
0
Let n(k) = 1. Let z(b) = -3*b**2 + 20*b - 88. Let v(p) = 6*n(p) - z(p). What is the hundreds digit of v(13)?
3
Let a be ((-4)/(2 + -3) - 1) + -13. What is the units digit of (-228)/(((-135)/a)/(-9))?
2
Suppose -g + 2*t + 222 = 0, 4*g - 7*t = -8*t + 852. Suppose -1072 = -13*b - g. What is the tens digit of b?
6
Let k(b) = -b**3 + 3*b**2 - 2*b - 8. Let m be k(5). Let q = m + 79. Suppose -3*w = j - 35, 5*j = -w + 4*j + q. What is the units digit of w?
2
Let m(z) = z + 2. Suppose 0 = 5*y + x - 57 - 18, x = 2*y - 37. Let k be m(y). Suppose -255 = k*i - 21*i. What is the tens digit of i?
8
Let f(q) = -30*q**3 + 14*q**2 - q + 151. What is the thousands digit of f(-9)?
3
Let m(n) = -17*n + 13 - 5*n + 4*n + 1. What is the hundreds digit of m(-23)?
4
Let v(s) = 403*s - 6241. What is the tens digit of v(59)?
3
Let m be 824550/135 - (-2)/9. Suppose d - m = -11*d. What is the units digit of d?
9
Let d be -3 - (-6 + 1 - 7). Let i(p) = -p**3 + 11*p**2 - 12*p + 25. What is the tens digit of i(d)?
7
Let k(s) = -5*s + 93. Let t be k(0). Suppose 0 = -t*m + 92*m + 196. What is the units digit of m?
6
Suppose -537 = 3*t + 3*z, t + 167 = 4*z - 32. Let m = 232 + t. What is the tens digit of m?
4
Let n = 29 + 41. Let d = n + -68. Suppose 3*p = -d*p + 1400. What is the hundreds digit of p?
2
Let c(k) = -8*k - 38. Let y be c(0). Let x(a) = -a**3 - 39*a**2 - 73*a + 3. What is the thousands digit of x(y)?
1
Suppose -46*r + 48*r - t - 17811 = 0, -5*t = -2*r + 17815. What is the thousands digit of r?
8
Let p be 5 - (13/3 - 5/15). Let i be (p - 91)/(2/(-4)). Let g = 316 - i. What is the hundreds digit of g?
1
Suppose 48772 = -1157*i + 1162*i - l, -6 = -2*l. What is the hundreds digit of i?
7
Suppose 10*d - 99 = 11*d. Let p be d/21 + (-2)/7. What is the tens digit of 54 + 0 + 1*(p + 2)?
5
Let i = 10174 + 11195. What is the units digit of i?
9
Let b = -3826 + 5394. What is the tens digit of b?
6
Suppose 3*p = 5*i + 20, 2*p + 3*i + 9 = -3. Suppose p*q - 36 = -5*q - d, -2*q + 16 = 2*d. What is the tens digit of -1*(-455)/q - (-3 - 0)?
6
Suppose -15723 - 3453 = -4*v. Suppose 9*b - 1875 = v. What is the tens digit of b?
4
Let x = 57 - 41. Suppose x + 6 = 11*p. What is the tens digit of p/13 + (-375)/(-13)?
2
Let k be (0 - (-3 + 0)) + 4 - 4. Suppose -38 = -k*x + 409. What is the units digit of x?
9
What is the thousands digit of 1/((6*(-6)/5616)/(-19))?
2
Let g = 84179 + -48508. What is the tens digit of g?
7
Suppose -6584624 = -131*x - 101*x. What is the hundreds digit of x?
3
Let o = 675 - 911. Let c = 797 - o. What is the hundreds digit of c?
0
Suppose -n + 612 + 305 = 2*z, -5*z = -4*n + 3720. Suppose -4*t - 2586 = -3*i, -5*t + 2*i = 6*i + 3248. Let c = n + t. What is the hundreds digit of c?
2
Let j(g) be the third derivative of 1/3*g**3 + 1/120*g**6 + 0 - 18*g**2 + 1/60*g**5 + 0*g + 1/4*g**4. What is the hundreds digit of j(4)?
1
Let c be (-748)/(-306) + (-8)/18. Let v(l) = 190*l**2 + 12*l - 20. What is the tens digit of v(c)?
6
Let w be (2 + -2)/(-3*2/6). What is the tens digit of -4 - (w/2 - 4 - 581)?
8
Let l(u) = -u**2 - 12*u - 22. Let p be l(-9). Suppose 0*i - p*i = -10. Suppose -5*g + 2*m = -g - 424, -g = i*m - 101. What is the hundreds digit of g?
1
Suppose 50*n - 499283 = 609178 + 727039. What is the tens digit of n?
1
Let o = 65615 + -23511. What is the ten thousands digit of o?
4
Suppose -123*s + 15 = -120*s. Suppose -4*f + 10*i = 15*i - 1016, s*i + 762 = 3*f. What is the tens digit of f?
5
Let m = 26436 - 10910. What is the units digit of m?
6
What is the units digit of (24740/6)/((-44)/(-66))?
5
Let a be 6/12 + 22/4. Suppose -8*l - 95 + 8959 = 0. Suppose -2*k + a*k = l. What is the units digit of k?
7
Let w = -18 + 91. Suppose 0 = -w*o + 80*o - 2667. What is the hundreds digit of o?
3
Let r = 11987 + -1477. What is the hundreds digit of r?
5
Suppose -4*q + 62 = p, -3*q = 2*q - 5*p - 90. Let l be (1 - -15)*180/q. Let k = l + -46. What is the hundreds digit of k?
1
What is the thousands digit of (459/54 - 11)*8756/(-5)?
4
Let c(u) = -6*u + 7. Let a be c(-9). Let x = 519 - a. What is the units digit of x?
8
What is the hundreds digit of 2/3 - (15 - (-328600)/(-93))?
5
Let p = -194 + 196. Suppose p*j - 621 = g, -4*j = j - 4*g - 1554. What is the units digit of j?
0
Let c = 74012 - 11665. What is the units digit of c?
7
Suppose -37 = -18*u - 1. Suppose 0 = u*w - 6*w + 1840. What is the tens digit of w?
6
What is the units digit of -252 - -268 - (-4534 - 0)?
0
Let o(v) = v**3 + 19*v**2 - 6. Let k be o(-19). What is the hundreds digit of (-9)/k*(159 - 1) + 5?
2
Suppose l - 30 = -9*l. What is the units digit of -459*(2 + (-11)/l)?
5
Let q(a) = 7*a**2 - 15*a**2 - 11 - 8 - 7*a - a**3 - 9*a. Let p be q(-6). Let u(g) = 23*g + 1. What is the hundreds digit of u(p)?
1
Suppose 0*u - 5*u = 7*a - 331210, -5*a - 3*u + 236578 = 0. What is the thousands digit of a?
7
What is the hundreds digit of 2148/(5 - 11)*(-4452)/56?
4
Let y(c) = 47*c**2 - 4*c + 7. Let l be y(2). Let v = 578 - l. What is the tens digit of v?
9
Suppose 85 = 5*u - n, -4*u - 25*n + 44 = -21*n. What is the tens digit of 346/(u/24*3/1)?
7
Let t(d) = -20 + 326*d**2 + 12 + 36*d**2 + 10. What is the hundreds digit of t(1)?
3
Let y(q) = -q**3 + 33*q**2 + 76*q + 39. Let s be y(33). Let n = s - 1605. What is the tens digit of n?
4
Suppose -2*b + 4*v + 68770 = 10238, -4*v + 58524 = 2*b. What is the tens digit of b?
6
Let f be 147/8 - (-69)/(-184). What is the tens digit of 3/2 + f/(-12) - -579?
7
Let h(f) = 20*f + 38. Let w be h(-11). Let i = 82 - w. Suppose -64 = -2*v + i. What is the hundreds digit of v?
1
What is the thousands digit of -10 - 0 - (-4553 - -13)?
4
Let y = -23 + 15. Let s = y + 11. What is the units digit of -2 + (50 - s) + -4?
1
Suppose 5*o = j - 97, 3*j + 2*j = o + 557. Suppose 0 = -2*s + 4*c + j, 278 = 4*s + 5*c + 80. Suppose 0 = f - s + 9. What is the units digit of f?
3
Let j = -116 - -61. Let q = -124 - j. Let c = q - -125. What is the units digit of c?
6
Suppose -5*v = b - 423, -2*v + 5*v - 433 = -b. Suppose 5*g + 832 + b = 0. Let z = -160 - g. What is the tens digit of z?
9
Suppose -100*h = -102*h + 13612. What is the units digit of h?
6
Let a(u) = 87*u - 112. Let s be a(17). Let j = s - 589. What is the tens digit of j?
7
Let a(f) be the first derivative of 8*f**4/3 + 5*f**3/6 + 7*f**2/2 - f - 30. Let k(n) be the first derivative of a(n). What is the hundreds digit of k(-2)?
1
Suppose -343*s + 231594 = -2731695 + 82089. What is the units digit of s?
0
Let y(k) = 2*k**3 + k**2 - 9*k - 11. What is the units digit of y(15)?
9
What is the thousands digit of 2/23 + 17590790/805?
1
Let y = 328 - 145. Suppose -440 = -l - y. What is the hundreds digit of l?
2
Suppose -p = -2*o - 3760, 9*o - 11335 = -3*p + 4*o. What is the thousands digit of p?
3
Let v(f) = 67*f**3 - 4*f**2 - 2*f + 34. What is the units digit of v(7)?
5
What is the tens digit of (-916)/687*((-63314)/2 - -1)?
0
Suppose -376 = -13*d - 337. Suppose d*g + 2132 = -h + 5515, -h - 2252 = -2*g. What is the thousands digit of g?
1
Let f = 439 + -423. Suppose -f*c + 3334 = 3*k - 18*c, 5548 = 5*k + c. What is the units digit of k?
0
Let y be (-85)/4*-2*(-24)/(-30). Let p = y + -29. Suppose -52 = -7*o + 6*o - 2*b, -278 = -p*o - b. What is the units digit of o?
6
What is the ten thousands digit of ((-144)/(-32))/((-1 - 4) + (-516901)/(-103378))?
4
Let x(o) = -5*o**3 - 18*o**2 - 17*o - 44. Let j(z) = -14*z**3 - 55*z**2 - 51*z - 133. Let c(a) = 6*j(a) - 17*x(a). What is the units digit of c(25)?
0
Let k = 42036 + -13406. What is the ten thousands digit of k?
2
Let s = -14768 + 41599. What is the units digit of s?
1
Let d(h) = h + 4. Let s be d(1). Suppose s*j + 2*m = 85, 2*j + 3*m - 90 = -3*j. What is the hundreds digit of (132/10)/(j/225)?
1
Let s(p) = 2*p + 16. Let y(d) = 4*d - 9. Let h(l) = 1. Let t(i) = -4*h(i) + y(i). Let g be t(7). What is the tens digit of s(g)?
4
Suppose -2*m - 4 = -4*v + 5*v, 3*v - m = 2. Suppose v = -2*h - 3*h + 825. Suppose -w - 2*l + 35 = 0, w + h = 5*w + 3*l. What is the tens digit of w?
4
Let t = 2085 + 16